{"id":359,"date":"2024-08-06T14:53:06","date_gmt":"2024-08-06T14:53:06","guid":{"rendered":"https:\/\/ecom-webhosting.com\/testszabo\/?page_id=359"},"modified":"2024-09-16T08:43:37","modified_gmt":"2024-09-16T08:43:37","slug":"arlista","status":"publish","type":"page","link":"https:\/\/ecom-webhosting.com\/testszabo\/arlista\/","title":{"rendered":"\u00c1rlista"},"content":{"rendered":"\t\t<div data-elementor-type=\"wp-page\" data-elementor-id=\"359\" class=\"elementor elementor-359\" data-elementor-post-type=\"page\">\n\t\t\t\t<div class=\"elementor-element elementor-element-2e1079f6 e-con-full e-flex e-con e-parent\" data-id=\"2e1079f6\" data-element_type=\"container\" data-settings=\"{&quot;background_background&quot;:&quot;classic&quot;}\">\n\t\t\t\t<div class=\"elementor-element elementor-element-3a042a63 elementor-invisible elementor-widget elementor-widget-heading\" data-id=\"3a042a63\" data-element_type=\"widget\" data-settings=\"{&quot;_animation&quot;:&quot;fadeIn&quot;}\" data-widget_type=\"heading.default\">\n\t\t\t\t<div class=\"elementor-widget-container\">\n\t\t\t<style>\/*! elementor - v3.23.0 - 25-07-2024 *\/\n.elementor-heading-title{padding:0;margin:0;line-height:1}.elementor-widget-heading .elementor-heading-title[class*=elementor-size-]>a{color:inherit;font-size:inherit;line-height:inherit}.elementor-widget-heading .elementor-heading-title.elementor-size-small{font-size:15px}.elementor-widget-heading .elementor-heading-title.elementor-size-medium{font-size:19px}.elementor-widget-heading .elementor-heading-title.elementor-size-large{font-size:29px}.elementor-widget-heading .elementor-heading-title.elementor-size-xl{font-size:39px}.elementor-widget-heading .elementor-heading-title.elementor-size-xxl{font-size:59px}<\/style><h1 class=\"elementor-heading-title elementor-size-default\">\u00c1rlista<\/h1>\t\t<\/div>\n\t\t\t\t<\/div>\n\t\t\t\t<div class=\"elementor-element elementor-element-471f4050 elementor-widget-divider--view-line elementor-invisible elementor-widget elementor-widget-divider\" data-id=\"471f4050\" data-element_type=\"widget\" data-settings=\"{&quot;_animation&quot;:&quot;fadeIn&quot;,&quot;_animation_delay&quot;:&quot;200&quot;}\" data-widget_type=\"divider.default\">\n\t\t\t\t<div class=\"elementor-widget-container\">\n\t\t\t<style>\/*! elementor - v3.23.0 - 25-07-2024 *\/\n.elementor-widget-divider{--divider-border-style:none;--divider-border-width:1px;--divider-color:#0c0d0e;--divider-icon-size:20px;--divider-element-spacing:10px;--divider-pattern-height:24px;--divider-pattern-size:20px;--divider-pattern-url:none;--divider-pattern-repeat:repeat-x}.elementor-widget-divider .elementor-divider{display:flex}.elementor-widget-divider .elementor-divider__text{font-size:15px;line-height:1;max-width:95%}.elementor-widget-divider .elementor-divider__element{margin:0 var(--divider-element-spacing);flex-shrink:0}.elementor-widget-divider .elementor-icon{font-size:var(--divider-icon-size)}.elementor-widget-divider .elementor-divider-separator{display:flex;margin:0;direction:ltr}.elementor-widget-divider--view-line_icon .elementor-divider-separator,.elementor-widget-divider--view-line_text .elementor-divider-separator{align-items:center}.elementor-widget-divider--view-line_icon .elementor-divider-separator:after,.elementor-widget-divider--view-line_icon .elementor-divider-separator:before,.elementor-widget-divider--view-line_text .elementor-divider-separator:after,.elementor-widget-divider--view-line_text .elementor-divider-separator:before{display:block;content:\"\";border-block-end:0;flex-grow:1;border-block-start:var(--divider-border-width) var(--divider-border-style) var(--divider-color)}.elementor-widget-divider--element-align-left .elementor-divider .elementor-divider-separator>.elementor-divider__svg:first-of-type{flex-grow:0;flex-shrink:100}.elementor-widget-divider--element-align-left .elementor-divider-separator:before{content:none}.elementor-widget-divider--element-align-left .elementor-divider__element{margin-left:0}.elementor-widget-divider--element-align-right .elementor-divider .elementor-divider-separator>.elementor-divider__svg:last-of-type{flex-grow:0;flex-shrink:100}.elementor-widget-divider--element-align-right .elementor-divider-separator:after{content:none}.elementor-widget-divider--element-align-right .elementor-divider__element{margin-right:0}.elementor-widget-divider--element-align-start .elementor-divider .elementor-divider-separator>.elementor-divider__svg:first-of-type{flex-grow:0;flex-shrink:100}.elementor-widget-divider--element-align-start .elementor-divider-separator:before{content:none}.elementor-widget-divider--element-align-start .elementor-divider__element{margin-inline-start:0}.elementor-widget-divider--element-align-end .elementor-divider .elementor-divider-separator>.elementor-divider__svg:last-of-type{flex-grow:0;flex-shrink:100}.elementor-widget-divider--element-align-end .elementor-divider-separator:after{content:none}.elementor-widget-divider--element-align-end .elementor-divider__element{margin-inline-end:0}.elementor-widget-divider:not(.elementor-widget-divider--view-line_text):not(.elementor-widget-divider--view-line_icon) .elementor-divider-separator{border-block-start:var(--divider-border-width) var(--divider-border-style) var(--divider-color)}.elementor-widget-divider--separator-type-pattern{--divider-border-style:none}.elementor-widget-divider--separator-type-pattern.elementor-widget-divider--view-line .elementor-divider-separator,.elementor-widget-divider--separator-type-pattern:not(.elementor-widget-divider--view-line) .elementor-divider-separator:after,.elementor-widget-divider--separator-type-pattern:not(.elementor-widget-divider--view-line) .elementor-divider-separator:before,.elementor-widget-divider--separator-type-pattern:not([class*=elementor-widget-divider--view]) .elementor-divider-separator{width:100%;min-height:var(--divider-pattern-height);-webkit-mask-size:var(--divider-pattern-size) 100%;mask-size:var(--divider-pattern-size) 100%;-webkit-mask-repeat:var(--divider-pattern-repeat);mask-repeat:var(--divider-pattern-repeat);background-color:var(--divider-color);-webkit-mask-image:var(--divider-pattern-url);mask-image:var(--divider-pattern-url)}.elementor-widget-divider--no-spacing{--divider-pattern-size:auto}.elementor-widget-divider--bg-round{--divider-pattern-repeat:round}.rtl .elementor-widget-divider .elementor-divider__text{direction:rtl}.e-con-inner>.elementor-widget-divider,.e-con>.elementor-widget-divider{width:var(--container-widget-width,100%);--flex-grow:var(--container-widget-flex-grow)}<\/style>\t\t<div class=\"elementor-divider\">\n\t\t\t<span class=\"elementor-divider-separator\">\n\t\t\t\t\t\t<\/span>\n\t\t<\/div>\n\t\t\t\t<\/div>\n\t\t\t\t<\/div>\n\t\t\t\t<div class=\"elementor-element elementor-element-60c26548 elementor-widget elementor-widget-text-editor\" data-id=\"60c26548\" data-element_type=\"widget\" data-widget_type=\"text-editor.default\">\n\t\t\t\t<div class=\"elementor-widget-container\">\n\t\t\t<style>\/*! elementor - v3.23.0 - 25-07-2024 *\/\n.elementor-widget-text-editor.elementor-drop-cap-view-stacked .elementor-drop-cap{background-color:#69727d;color:#fff}.elementor-widget-text-editor.elementor-drop-cap-view-framed .elementor-drop-cap{color:#69727d;border:3px solid;background-color:transparent}.elementor-widget-text-editor:not(.elementor-drop-cap-view-default) .elementor-drop-cap{margin-top:8px}.elementor-widget-text-editor:not(.elementor-drop-cap-view-default) .elementor-drop-cap-letter{width:1em;height:1em}.elementor-widget-text-editor .elementor-drop-cap{float:left;text-align:center;line-height:1;font-size:50px}.elementor-widget-text-editor .elementor-drop-cap-letter{display:inline-block}<\/style>\t\t\t\t<p>Rendel\u0151mben k\u00e9szp\u00e9nzzel \u00e9s \u00e1tutal\u00e1ssal fizethet.<\/p><p>B\u00e9rletre van lehet\u0151s\u00e9g. 10 alkalmas b\u00e9rletet lehet ig\u00e9nybe venni. ( 10. alkalom aj\u00e1nd\u00e9k)<br \/>A kezel\u00e9sek gyakoris\u00e1g\u00e1t az \u00e1llapotfelm\u00e9r\u00e9s ut\u00e1n tudjuk megbesz\u00e9lni.<\/p>\t\t\t\t\t\t<\/div>\n\t\t\t\t<\/div>\n\t\t\t\t<div class=\"elementor-element elementor-element-d1e83d1 elementor-widget elementor-widget-text-editor\" data-id=\"d1e83d1\" data-element_type=\"widget\" data-widget_type=\"text-editor.default\">\n\t\t\t\t<div class=\"elementor-widget-container\">\n\t\t\t\t\t\t\t<p><strong>\u00c1llapot felm\u00e9r\u00e9s tan\u00e1csad\u00e1ssal<\/strong> (csont \u00e9s izomzat)- (60 perc):\u00a0 <strong>22.000 Ft<\/strong><\/p><p><strong>\u00c1llapot felm\u00e9r\u00e9s tan\u00e1csad\u00e1ssal<\/strong> ( csont \u00e9s izomzat) &#8211; (90 perc): <strong>24.000 Ft<\/strong><\/p><p><strong>Egy\u00e9ni manu\u00e1lter\u00e1pi\u00e1s kezel\u00e9s<\/strong> ( csont, izomzat \u00e9s gyakorlatok) &#8211; (60 perc): <strong>16.500 Ft<\/strong><\/p><p><strong>Egy\u00e9ni gy\u00f3gytorna<\/strong> (60 perc): <strong>12.000 Ft<\/strong><\/p><p><strong>\u00c1llkapocs \u00edz\u00fcleti ter\u00e1pia<\/strong> (60 perc): <strong>16.500 Ft<\/strong><\/p><p><strong>Nyirokoed\u00e9ma kezel\u00e9se<\/strong> (60 perc): <strong>16.500 Ft<\/strong><\/p><p><strong>Schroth ter\u00e1pia<\/strong> (60 perc): <strong>16.500 Ft<\/strong><\/p><p><strong>Dorn ter\u00e1pia \u00e9s Breuss massz\u00e1zs<\/strong> (60 perc): <strong>16.500 Ft<\/strong><\/p><p><strong>\u00cdz\u00fcleti \u00e9s l\u00e1gyr\u00e9szter\u00e1pia Dr. Terrier szerint<\/strong> (60 perc): <strong>16.500 Ft<\/strong><\/p><p><strong>Kinezio tape<\/strong><br \/>&#8211; testt\u00e1jank\u00e9nt: <strong>4.000 Ft<\/strong><br \/>&#8211; hozott szalaggal: <strong>3.000 Ft<\/strong><\/p>\t\t\t\t\t\t<\/div>\n\t\t\t\t<\/div>\n\t\t\t\t<\/div>\n\t\t<div class=\"elementor-element elementor-element-1d6ed780 e-con-full e-flex e-con e-parent\" data-id=\"1d6ed780\" data-element_type=\"container\" data-settings=\"{&quot;background_background&quot;:&quot;classic&quot;}\">\n\t\t<div class=\"elementor-element elementor-element-a2657dc e-con-full e-flex e-con e-child\" data-id=\"a2657dc\" data-element_type=\"container\" data-settings=\"{&quot;background_background&quot;:&quot;classic&quot;}\">\n\t\t\t\t<div class=\"elementor-element elementor-element-31e089b elementor-widget elementor-widget-image\" data-id=\"31e089b\" data-element_type=\"widget\" data-widget_type=\"image.default\">\n\t\t\t\t<div class=\"elementor-widget-container\">\n\t\t\t\t\t\t\t\t\t\t\t\t\t<img fetchpriority=\"high\" decoding=\"async\" width=\"1200\" height=\"611\" src=\"https:\/\/ecom-webhosting.com\/testszabo\/wp-content\/uploads\/2024\/08\/testszabo_konzultaljunk_3.jpg\" class=\"attachment-full size-full wp-image-468\" alt=\"\" srcset=\"https:\/\/ecom-webhosting.com\/testszabo\/wp-content\/uploads\/2024\/08\/testszabo_konzultaljunk_3.jpg 1200w, https:\/\/ecom-webhosting.com\/testszabo\/wp-content\/uploads\/2024\/08\/testszabo_konzultaljunk_3-300x153.jpg 300w, https:\/\/ecom-webhosting.com\/testszabo\/wp-content\/uploads\/2024\/08\/testszabo_konzultaljunk_3-1024x521.jpg 1024w, https:\/\/ecom-webhosting.com\/testszabo\/wp-content\/uploads\/2024\/08\/testszabo_konzultaljunk_3-768x391.jpg 768w\" sizes=\"(max-width: 1200px) 100vw, 1200px\" \/>\t\t\t\t\t\t\t\t\t\t\t\t\t<\/div>\n\t\t\t\t<\/div>\n\t\t\t\t<\/div>\n\t\t<div class=\"elementor-element elementor-element-f6128ae e-con-full e-flex e-con e-child\" data-id=\"f6128ae\" data-element_type=\"container\">\n\t\t\t\t<div class=\"elementor-element elementor-element-eff6af5 elementor-widget-divider--view-line elementor-invisible elementor-widget elementor-widget-divider\" data-id=\"eff6af5\" data-element_type=\"widget\" data-settings=\"{&quot;_animation&quot;:&quot;slideInRight&quot;}\" data-widget_type=\"divider.default\">\n\t\t\t\t<div class=\"elementor-widget-container\">\n\t\t\t\t\t<div class=\"elementor-divider\">\n\t\t\t<span class=\"elementor-divider-separator\">\n\t\t\t\t\t\t<\/span>\n\t\t<\/div>\n\t\t\t\t<\/div>\n\t\t\t\t<\/div>\n\t\t\t\t<div class=\"elementor-element elementor-element-6986a4e elementor-invisible elementor-widget elementor-widget-heading\" data-id=\"6986a4e\" data-element_type=\"widget\" data-settings=\"{&quot;_animation&quot;:&quot;fadeIn&quot;,&quot;_animation_delay&quot;:&quot;400&quot;}\" data-widget_type=\"heading.default\">\n\t\t\t\t<div class=\"elementor-widget-container\">\n\t\t\t<h3 class=\"elementor-heading-title elementor-size-default\">Konzult\u00e1ljunk egyet<\/h3>\t\t<\/div>\n\t\t\t\t<\/div>\n\t\t\t\t<div class=\"elementor-element elementor-element-04bdbf0 elementor-widget elementor-widget-text-editor\" data-id=\"04bdbf0\" data-element_type=\"widget\" data-widget_type=\"text-editor.default\">\n\t\t\t\t<div class=\"elementor-widget-container\">\n\t\t\t\t\t\t\t<p>A gyors \u00e9s hat\u00e9kony eredm\u00e9ny el\u00e9r\u00e9se \u00e9rdek\u00e9ben tegye meg az els\u0151 l\u00e9p\u00e9st, k\u00e9rjen id\u0151pontot!<\/p>\t\t\t\t\t\t<\/div>\n\t\t\t\t<\/div>\n\t\t\t\t<div class=\"elementor-element elementor-element-19893ee elementor-widget elementor-widget-button\" data-id=\"19893ee\" data-element_type=\"widget\" data-widget_type=\"button.default\">\n\t\t\t\t<div class=\"elementor-widget-container\">\n\t\t\t\t\t<div class=\"elementor-button-wrapper\">\n\t\t\t<a class=\"elementor-button elementor-button-link elementor-size-sm\" href=\"https:\/\/ecom-webhosting.com\/testszabo\/contact-us\/\">\n\t\t\t\t\t\t<span class=\"elementor-button-content-wrapper\">\n\t\t\t\t\t\t\t\t\t<span class=\"elementor-button-text\">Kapcsolatfelv\u00e9tel<\/span>\n\t\t\t\t\t<\/span>\n\t\t\t\t\t<\/a>\n\t\t<\/div>\n\t\t\t\t<\/div>\n\t\t\t\t<\/div>\n\t\t\t\t<\/div>\n\t\t\t\t<\/div>\n\t\t\t\t<\/div>\n\t\t","protected":false},"excerpt":{"rendered":"<p>\u00c1rlista Rendel\u0151mben k\u00e9szp\u00e9nzzel \u00e9s \u00e1tutal\u00e1ssal fizethet. B\u00e9rletre van lehet\u0151s\u00e9g. 10 alkalmas b\u00e9rletet lehet ig\u00e9nybe venni. ( 10. alkalom aj\u00e1nd\u00e9k)A kezel\u00e9sek gyakoris\u00e1g\u00e1t az \u00e1llapotfelm\u00e9r\u00e9s ut\u00e1n tudjuk megbesz\u00e9lni. \u00c1llapot felm\u00e9r\u00e9s tan\u00e1csad\u00e1ssal (csont \u00e9s izomzat)- (60 perc):\u00a0 22.000 Ft \u00c1llapot felm\u00e9r\u00e9s tan\u00e1csad\u00e1ssal ( csont \u00e9s izomzat) &#8211; (90 perc): 24.000 Ft Egy\u00e9ni manu\u00e1lter\u00e1pi\u00e1s kezel\u00e9s ( csont, izomzat \u00e9s [&hellip;]<\/p>\n","protected":false},"author":1,"featured_media":0,"parent":0,"menu_order":0,"comment_status":"closed","ping_status":"closed","template":"","meta":{"footnotes":""},"class_list":["post-359","page","type-page","status-publish","hentry"],"_links":{"self":[{"href":"https:\/\/ecom-webhosting.com\/testszabo\/wp-json\/wp\/v2\/pages\/359","targetHints":{"allow":["GET"]}}],"collection":[{"href":"https:\/\/ecom-webhosting.com\/testszabo\/wp-json\/wp\/v2\/pages"}],"about":[{"href":"https:\/\/ecom-webhosting.com\/testszabo\/wp-json\/wp\/v2\/types\/page"}],"author":[{"embeddable":true,"href":"https:\/\/ecom-webhosting.com\/testszabo\/wp-json\/wp\/v2\/users\/1"}],"replies":[{"embeddable":true,"href":"https:\/\/ecom-webhosting.com\/testszabo\/wp-json\/wp\/v2\/comments?post=359"}],"version-history":[{"count":22,"href":"https:\/\/ecom-webhosting.com\/testszabo\/wp-json\/wp\/v2\/pages\/359\/revisions"}],"predecessor-version":[{"id":622,"href":"https:\/\/ecom-webhosting.com\/testszabo\/wp-json\/wp\/v2\/pages\/359\/revisions\/622"}],"wp:attachment":[{"href":"https:\/\/ecom-webhosting.com\/testszabo\/wp-json\/wp\/v2\/media?parent=359"}],"curies":[{"name":"wp","href":"https:\/\/api.w.org\/{rel}","templated":true}]}}