{"id":65,"date":"2024-10-30T19:32:46","date_gmt":"2024-10-30T19:32:46","guid":{"rendered":"https:\/\/ecom-webhosting.com\/abomin\/?page_id=65"},"modified":"2024-10-31T13:48:32","modified_gmt":"2024-10-31T13:48:32","slug":"home","status":"publish","type":"page","link":"https:\/\/ecom-webhosting.com\/abomin\/","title":{"rendered":"F\u0151oldal"},"content":{"rendered":"\t\t<div data-elementor-type=\"wp-page\" data-elementor-id=\"65\" class=\"elementor elementor-65\" data-elementor-post-type=\"page\">\n\t\t\t\t<div class=\"elementor-element elementor-element-85ebb4 e-con-full e-flex e-con e-parent\" data-id=\"85ebb4\" data-element_type=\"container\">\n\t\t<div class=\"elementor-element elementor-element-6a729657 e-con-full e-flex e-con e-child\" data-id=\"6a729657\" data-element_type=\"container\" data-settings=\"{&quot;background_background&quot;:&quot;classic&quot;}\">\n\t\t\t\t<\/div>\n\t\t<div class=\"elementor-element elementor-element-a214078 e-con-full e-flex e-con e-child\" data-id=\"a214078\" data-element_type=\"container\">\n\t\t\t\t<div class=\"elementor-element elementor-element-227fb383 elementor-widget elementor-widget-heading\" data-id=\"227fb383\" data-element_type=\"widget\" data-widget_type=\"heading.default\">\n\t\t\t\t<div class=\"elementor-widget-container\">\n\t\t\t<h1 class=\"elementor-heading-title elementor-size-default\">Abomin SUPERFINE<\/h1>\t\t<\/div>\n\t\t\t\t<\/div>\n\t\t\t\t<div class=\"elementor-element elementor-element-531080b1 elementor-widget__width-initial elementor-widget-mobile__width-inherit elementor-widget elementor-widget-text-editor\" data-id=\"531080b1\" data-element_type=\"widget\" data-widget_type=\"text-editor.default\">\n\t\t\t\t<div class=\"elementor-widget-container\">\n\t\t\t\t\t\t\t<p>Biodinamikus, szerves, nulla marad\u00e9k, hagyom\u00e1nyos<\/p>\t\t\t\t\t\t<\/div>\n\t\t\t\t<\/div>\n\t\t\t\t<div class=\"elementor-element elementor-element-737ed133 elementor-align-left elementor-widget elementor-widget-button\" data-id=\"737ed133\" data-element_type=\"widget\" data-widget_type=\"button.default\">\n\t\t\t\t<div class=\"elementor-widget-container\">\n\t\t\t\t\t\t\t<div class=\"elementor-button-wrapper\">\n\t\t\t\t\t<a class=\"elementor-button elementor-button-link elementor-size-sm\" href=\"https:\/\/ecom-webhosting.com\/abomin\/?page_id=86\">\n\t\t\t\t\t\t<span class=\"elementor-button-content-wrapper\">\n\t\t\t\t\t\t\t\t\t<span class=\"elementor-button-text\">Shop Now<\/span>\n\t\t\t\t\t<\/span>\n\t\t\t\t\t<\/a>\n\t\t\t\t<\/div>\n\t\t\t\t\t\t<\/div>\n\t\t\t\t<\/div>\n\t\t\t\t<\/div>\n\t\t\t\t<\/div>\n\t\t<div class=\"elementor-element elementor-element-6e561a86 e-flex e-con-boxed e-con e-parent\" data-id=\"6e561a86\" data-element_type=\"container\" data-settings=\"{&quot;background_background&quot;:&quot;classic&quot;}\">\n\t\t\t\t\t<div class=\"e-con-inner\">\n\t\t\t\t<div class=\"elementor-element elementor-element-c0b35da e-n-tabs-mobile elementor-widget elementor-widget-n-tabs\" data-id=\"c0b35da\" data-element_type=\"widget\" data-settings=\"{&quot;horizontal_scroll&quot;:&quot;disable&quot;}\" data-widget_type=\"nested-tabs.default\">\n\t\t\t\t<div class=\"elementor-widget-container\">\n\t\t\t\t\t<div class=\"e-n-tabs\" data-widget-number=\"202061274\" aria-label=\"Tabs. Open items with Enter or Space, close with Escape and navigate using the Arrow keys.\">\n\t\t\t<div class=\"e-n-tabs-heading\" role=\"tablist\">\n\t\t\t\t\t<button id=\"e-n-tab-title-2020612741\" class=\"e-n-tab-title\" aria-selected=\"true\" data-tab-index=\"1\" role=\"tab\" tabindex=\"0\" aria-controls=\"e-n-tab-content-2020612741\" style=\"--n-tabs-title-order: 1;\">\n\t\t\t\t\t\t<span class=\"e-n-tab-title-text\">\n\t\t\t\tAlkalmaz\u00e1s\t\t\t<\/span>\n\t\t<\/button>\n\t\t\t\t<button id=\"e-n-tab-title-2020612742\" class=\"e-n-tab-title\" aria-selected=\"false\" data-tab-index=\"2\" role=\"tab\" tabindex=\"-1\" aria-controls=\"e-n-tab-content-2020612742\" style=\"--n-tabs-title-order: 2;\">\n\t\t\t\t\t\t<span class=\"e-n-tab-title-text\">\n\t\t\t\tLe\u00edr\u00e1s\t\t\t<\/span>\n\t\t<\/button>\n\t\t\t\t<button id=\"e-n-tab-title-2020612743\" class=\"e-n-tab-title\" aria-selected=\"false\" data-tab-index=\"3\" role=\"tab\" tabindex=\"-1\" aria-controls=\"e-n-tab-content-2020612743\" style=\"--n-tabs-title-order: 3;\">\n\t\t\t\t\t\t<span class=\"e-n-tab-title-text\">\n\t\t\t\tAdagok \u00e9s felhaszn\u00e1l\u00e1si m\u00f3dok\t\t\t<\/span>\n\t\t<\/button>\n\t\t\t\t<button id=\"e-n-tab-title-2020612744\" class=\"e-n-tab-title\" aria-selected=\"false\" data-tab-index=\"4\" role=\"tab\" tabindex=\"-1\" aria-controls=\"e-n-tab-content-2020612744\" style=\"--n-tabs-title-order: 4;\">\n\t\t\t\t\t\t<span class=\"e-n-tab-title-text\">\n\t\t\t\tTerm\u00e9szetv\u00e9delem\t\t\t<\/span>\n\t\t<\/button>\n\t\t\t\t<button id=\"e-n-tab-title-2020612745\" class=\"e-n-tab-title\" aria-selected=\"false\" data-tab-index=\"5\" role=\"tab\" tabindex=\"-1\" aria-controls=\"e-n-tab-content-2020612745\" style=\"--n-tabs-title-order: 5;\">\n\t\t\t\t\t\t<span class=\"e-n-tab-title-text\">\n\t\t\t\tHaszn\u00e1lati \u00f3vint\u00e9zked\u00e9sek\t\t\t<\/span>\n\t\t<\/button>\n\t\t\t\t\t<\/div>\n\t\t\t<div class=\"e-n-tabs-content\">\n\t\t\t\t<div id=\"e-n-tab-content-2020612741\" role=\"tabpanel\" aria-labelledby=\"e-n-tab-title-2020612741\" data-tab-index=\"1\" style=\"--n-tabs-title-order: 1;\" class=\"e-active elementor-element elementor-element-71f4164 e-con-full e-flex e-con e-child\" data-id=\"71f4164\" data-element_type=\"container\">\n\t\t<div class=\"elementor-element elementor-element-92fabfa e-flex e-con-boxed e-con e-child\" data-id=\"92fabfa\" data-element_type=\"container\">\n\t\t\t\t\t<div class=\"e-con-inner\">\n\t\t\t\t<div class=\"elementor-element elementor-element-8c3454f elementor-widget elementor-widget-spacer\" data-id=\"8c3454f\" data-element_type=\"widget\" data-widget_type=\"spacer.default\">\n\t\t\t\t<div class=\"elementor-widget-container\">\n\t\t\t\t\t<div class=\"elementor-spacer\">\n\t\t\t<div class=\"elementor-spacer-inner\"><\/div>\n\t\t<\/div>\n\t\t\t\t<\/div>\n\t\t\t\t<\/div>\n\t\t\t\t<div class=\"elementor-element elementor-element-460f559 elementor-widget elementor-widget-text-editor\" data-id=\"460f559\" data-element_type=\"widget\" data-widget_type=\"text-editor.default\">\n\t\t\t\t<div class=\"elementor-widget-container\">\n\t\t\t\t\t\t\t<p>Teljes lombtr\u00e1gy\u00e1z\u00e1s magas m\u00e1sodlagos elemtartalommal (mikroelemek \u00e9s nyomelemek). A n\u00f6v\u00e9nyek sz\u00e1m\u00e1ra hasznos \u00f6sszes elem jelenl\u00e9te lehet\u0151v\u00e9 teszi a kiegyens\u00falyozott \u00e9s teljes felsz\u00edv\u00f3d\u00e1st. Alkalmas minden olyan n\u00f6v\u00e9nykult\u00far\u00e1hoz, amely nagy t\u00e1panyagfelv\u00e9telt ig\u00e9nyel. Enged\u00e9lyezve az \u00f6kol\u00f3giai \u00e9s biodinamikus mez\u0151gazdas\u00e1gban.<\/p>\t\t\t\t\t\t<\/div>\n\t\t\t\t<\/div>\n\t\t\t\t\t<\/div>\n\t\t\t\t<\/div>\n\t\t\t\t<\/div>\n\t\t<div id=\"e-n-tab-content-2020612742\" role=\"tabpanel\" aria-labelledby=\"e-n-tab-title-2020612742\" data-tab-index=\"2\" style=\"--n-tabs-title-order: 2;\" class=\" elementor-element elementor-element-c684051 e-con-full e-flex e-con e-child\" data-id=\"c684051\" data-element_type=\"container\">\n\t\t<div class=\"elementor-element elementor-element-83c8351 e-flex e-con-boxed e-con e-child\" data-id=\"83c8351\" data-element_type=\"container\">\n\t\t\t\t\t<div class=\"e-con-inner\">\n\t\t\t\t<div class=\"elementor-element elementor-element-25858cc elementor-widget elementor-widget-spacer\" data-id=\"25858cc\" data-element_type=\"widget\" data-widget_type=\"spacer.default\">\n\t\t\t\t<div class=\"elementor-widget-container\">\n\t\t\t\t\t<div class=\"elementor-spacer\">\n\t\t\t<div class=\"elementor-spacer-inner\"><\/div>\n\t\t<\/div>\n\t\t\t\t<\/div>\n\t\t\t\t<\/div>\n\t\t\t\t<div class=\"elementor-element elementor-element-1fda254 elementor-widget elementor-widget-text-editor\" data-id=\"1fda254\" data-element_type=\"widget\" data-widget_type=\"text-editor.default\">\n\t\t\t\t<div class=\"elementor-widget-container\">\n\t\t\t\t\t\t\t<p>A SUPERFINE (k\u0151zetpor) fizikai szerkezet\u00e9nek k\u00f6sz\u00f6nhet\u0151en k\u00e9pes seg\u00edteni a n\u00f6v\u00e9nyt a h\u0151m\u00e9rs\u00e9klet-v\u00e1ltoz\u00e1sok ellen, mivel nagyon tart\u00f3s \u00e9s tapad\u00f3 bevonattal bor\u00edtja be. Fizikai jelleg\u00e9nek k\u00f6sz\u00f6nhet\u0151en a term\u00e9k a n\u00f6v\u00e9nyre gyakorolt k\u00f6zvetett hat\u00e1sa r\u00e9v\u00e9n megakad\u00e1lyozza a k\u00f3rokoz\u00f3k kialakul\u00e1s\u00e1t. A SUPERFINE (k\u0151zetpor) pufferel\u0151 hat\u00e1ssal is rendelkezik a pH-ra. Pozit\u00edv hat\u00e1sa k\u00fcl\u00f6n\u00f6sen a savas talajokon \u00e9rezhet\u0151.<\/p><table id=\"footable_996\" class=\"foo-table ninja_footable foo_table_996 ninja_table_unique_id_1129675706_996 ui table nt_type_ajax_table celled striped vertical_centered footable-paging-right ninja_table_search_disabled footable footable-1 footable-paging breakpoint-lg\" style=\"box-sizing: border-box; background: #ffffff; width: 1146px; margin-block-end: 15px; font-size: 14px; border-spacing: 0px; border-collapse: separate; table-layout: auto; position: relative; margin: 0px 0px 1em; max-width: 100%; border: 1px solid rgba(34, 36, 38, 0.15); border-radius: 0.285714rem; box-shadow: none; color: rgba(0, 0, 0, 0.87); text-align: left; font-family: Inter, sans-serif; font-style: normal; font-variant-ligatures: normal; font-variant-caps: normal; font-weight: 400; letter-spacing: normal; orphans: 2; text-transform: none; widows: 2; word-spacing: 0px; -webkit-text-stroke-width: 0px; white-space: normal; text-decoration-thickness: initial; text-decoration-style: initial; text-decoration-color: initial;\" data-ninja_table_instance=\"ninja_table_instance_0\" data-footable_id=\"996\" data-filter-delay=\"1000\" aria-label=\"PRODOTTI -&gt; SUPERFINE\" data-unique_identifier=\"ninja_table_unique_id_1129675706_996\"><tbody><tr class=\"ninja_table_row_0 nt_row_id_101\"><td class=\"ninja_column_0 ninja_clmn_nm_descrizione footable-first-visible\">Formula<br \/>(ppm)<\/td><td class=\"ninja_column_1 ninja_clmn_nm_valore footable-last-visible\">P: 7200 \/ Mo: 0,4 \/ Mn: 1160,8 \/B: 1,29 Ca: 56200 \/ Mg: 16200 \/ Si: 3834 \/ S: 200 \/ Zn: 119 FE: 3952 \/ Co: 31 \/ Ni: 5,3 \/ Cu: 48,74 \/ K: 7200&#8230;<\/td><\/tr><tr class=\"ninja_table_row_1 nt_row_id_105\"><td class=\"ninja_column_0 ninja_clmn_nm_descrizione footable-first-visible\">Megjelen\u00e9s<\/td><td class=\"ninja_column_1 ninja_clmn_nm_valore footable-last-visible\">A talajr\u00e9szecsk\u00e9k alakja<\/td><\/tr><tr class=\"ninja_table_row_2 nt_row_id_102\"><td class=\"ninja_column_0 ninja_clmn_nm_descrizione footable-first-visible\">pH, 10 %-os oldat (potenciometri\u00e1s pH-m\u00e9r\u0151)<\/td><td class=\"ninja_column_1 ninja_clmn_nm_valore footable-last-visible\">7.01<\/td><\/tr><tr class=\"ninja_table_row_3 nt_row_id_103\"><td class=\"ninja_column_0 ninja_clmn_nm_descrizione footable-first-visible\">Oldhat\u00f3s\u00e1g<\/td><td class=\"ninja_column_1 ninja_clmn_nm_valore footable-last-visible\">V\u00edzben nem old\u00f3dik &#8211; teljesen old\u00f3dik (100%) a lev\u00e9len.<\/td><\/tr><tr class=\"ninja_table_row_4 nt_row_id_108\"><td class=\"ninja_column_0 ninja_clmn_nm_descrizione footable-first-visible\">Szemcsem\u00e9ret (TYLER Standart 1910 sz\u0171r\u0151)<\/td><td class=\"ninja_column_1 ninja_clmn_nm_valore footable-last-visible\">44 mikron &#8211; 0,044 millim\u00e9ter (mm)<\/td><\/tr><tr class=\"ninja_table_row_5 nt_row_id_109\"><td class=\"ninja_column_0 ninja_clmn_nm_descrizione footable-first-visible\">Toxicit\u00e1s<\/td><td class=\"ninja_column_1 ninja_clmn_nm_valore footable-last-visible\">Semmi<\/td><\/tr><tr class=\"ninja_table_row_6 nt_row_id_110\"><td class=\"ninja_column_0 ninja_clmn_nm_descrizione footable-first-visible\">P\u00e1ratartalom (s\u00falyvesztes\u00e9g 105\u00baC-on)<\/td><td class=\"ninja_column_1 ninja_clmn_nm_valore footable-last-visible\">1,83 g\/100g<\/td><\/tr><tr class=\"ninja_table_row_7 nt_row_id_111\"><td class=\"ninja_column_0 ninja_clmn_nm_descrizione footable-first-visible\">Biol\u00f3giai lebonthat\u00f3s\u00e1g<\/td><td class=\"ninja_column_1 ninja_clmn_nm_valore footable-last-visible\">100%<\/td><\/tr><tr class=\"ninja_table_row_8 nt_row_id_112\"><td class=\"ninja_column_0 ninja_clmn_nm_descrizione footable-first-visible\">S\u0171r\u0171s\u00e9g<\/td><td class=\"ninja_column_1 ninja_clmn_nm_valore footable-last-visible\">1.68 gr\/cm3<\/td><\/tr><tr class=\"ninja_table_row_9 nt_row_id_104\"><td class=\"ninja_column_0 ninja_clmn_nm_descrizione footable-first-visible\">Nyersanyagok: Abomin, z\u00f6lds\u00e9gpog\u00e1csa<\/td><\/tr><\/tbody><\/table>\t\t\t\t\t\t<\/div>\n\t\t\t\t<\/div>\n\t\t\t\t\t<\/div>\n\t\t\t\t<\/div>\n\t\t\t\t<\/div>\n\t\t<div id=\"e-n-tab-content-2020612743\" role=\"tabpanel\" aria-labelledby=\"e-n-tab-title-2020612743\" data-tab-index=\"3\" style=\"--n-tabs-title-order: 3;\" class=\" elementor-element elementor-element-9123ad2 e-con-full e-flex e-con e-child\" data-id=\"9123ad2\" data-element_type=\"container\">\n\t\t<div class=\"elementor-element elementor-element-b275a66 e-flex e-con-boxed e-con e-child\" data-id=\"b275a66\" data-element_type=\"container\">\n\t\t\t\t\t<div class=\"e-con-inner\">\n\t\t\t\t<div class=\"elementor-element elementor-element-238809f elementor-widget elementor-widget-spacer\" data-id=\"238809f\" data-element_type=\"widget\" data-widget_type=\"spacer.default\">\n\t\t\t\t<div class=\"elementor-widget-container\">\n\t\t\t\t\t<div class=\"elementor-spacer\">\n\t\t\t<div class=\"elementor-spacer-inner\"><\/div>\n\t\t<\/div>\n\t\t\t\t<\/div>\n\t\t\t\t<\/div>\n\t\t\t\t<div class=\"elementor-element elementor-element-01a88df elementor-widget elementor-widget-text-editor\" data-id=\"01a88df\" data-element_type=\"widget\" data-widget_type=\"text-editor.default\">\n\t\t\t\t<div class=\"elementor-widget-container\">\n\t\t\t\t\t\t\t<ul><li>50-100 kg\/hekt\u00e1r<\/li><li>5 kg\/hekt\u00e1r kezel\u00e9senk\u00e9nt<\/li><li>10-20 alkalmaz\u00e1s (vir\u00e1gz\u00e1s el\u0151tt \u00e9s ut\u00e1n)<\/li><li>V\u00edzzel vagy sz\u00e1razon kell alkalmazni<\/li><\/ul>\t\t\t\t\t\t<\/div>\n\t\t\t\t<\/div>\n\t\t\t\t\t<\/div>\n\t\t\t\t<\/div>\n\t\t\t\t<\/div>\n\t\t<div id=\"e-n-tab-content-2020612744\" role=\"tabpanel\" aria-labelledby=\"e-n-tab-title-2020612744\" data-tab-index=\"4\" style=\"--n-tabs-title-order: 4;\" class=\" elementor-element elementor-element-a3838c9 e-flex e-con-boxed e-con e-child\" data-id=\"a3838c9\" data-element_type=\"container\">\n\t\t\t\t\t<div class=\"e-con-inner\">\n\t\t<div class=\"elementor-element elementor-element-35ef47f e-con-full e-flex e-con e-child\" data-id=\"35ef47f\" data-element_type=\"container\">\n\t\t\t\t<div class=\"elementor-element elementor-element-3468292 elementor-widget elementor-widget-spacer\" data-id=\"3468292\" data-element_type=\"widget\" data-widget_type=\"spacer.default\">\n\t\t\t\t<div class=\"elementor-widget-container\">\n\t\t\t\t\t<div class=\"elementor-spacer\">\n\t\t\t<div class=\"elementor-spacer-inner\"><\/div>\n\t\t<\/div>\n\t\t\t\t<\/div>\n\t\t\t\t<\/div>\n\t\t\t\t<div class=\"elementor-element elementor-element-15562c5 elementor-widget elementor-widget-text-editor\" data-id=\"15562c5\" data-element_type=\"widget\" data-widget_type=\"text-editor.default\">\n\t\t\t\t<div class=\"elementor-widget-container\">\n\t\t\t\t\t\t\t<p>Figyelembe v\u00e9ve higroszk\u00f3pos tulajdons\u00e1gait (nedvess\u00e9get vesz fel), a term\u00e9ket h\u0171v\u00f6s, sz\u00e1raz, j\u00f3l szell\u0151z\u0151 helyen kell t\u00e1rolni, lehet\u0151leg raklapokon, elker\u00fclve a padl\u00f3val val\u00f3 \u00e9rintkez\u00e9st. Jellemz\u0151i miatt nincs lej\u00e1rati ideje.<\/p>\t\t\t\t\t\t<\/div>\n\t\t\t\t<\/div>\n\t\t\t\t<\/div>\n\t\t\t\t\t<\/div>\n\t\t\t\t<\/div>\n\t\t<div id=\"e-n-tab-content-2020612745\" role=\"tabpanel\" aria-labelledby=\"e-n-tab-title-2020612745\" data-tab-index=\"5\" style=\"--n-tabs-title-order: 5;\" class=\" elementor-element elementor-element-d065655 e-flex e-con-boxed e-con e-child\" data-id=\"d065655\" data-element_type=\"container\">\n\t\t\t\t\t<div class=\"e-con-inner\">\n\t\t<div class=\"elementor-element elementor-element-2d86bf7 e-con-full e-flex e-con e-child\" data-id=\"2d86bf7\" data-element_type=\"container\">\n\t\t\t\t<div class=\"elementor-element elementor-element-f5f9922 elementor-widget elementor-widget-spacer\" data-id=\"f5f9922\" data-element_type=\"widget\" data-widget_type=\"spacer.default\">\n\t\t\t\t<div class=\"elementor-widget-container\">\n\t\t\t\t\t<div class=\"elementor-spacer\">\n\t\t\t<div class=\"elementor-spacer-inner\"><\/div>\n\t\t<\/div>\n\t\t\t\t<\/div>\n\t\t\t\t<\/div>\n\t\t\t\t<div class=\"elementor-element elementor-element-250ab29 elementor-widget elementor-widget-text-editor\" data-id=\"250ab29\" data-element_type=\"widget\" data-widget_type=\"text-editor.default\">\n\t\t\t\t<div class=\"elementor-widget-container\">\n\t\t\t\t\t\t\t<p>A SUPERFINE (k\u0151zetpor) term\u00e9szetes term\u00e9k, \u00e9s soha nem fitotoxikus. \u00c1rtalmatlan az emberre, a k\u00f6rnyezetre \u00e9s az \u00e1llatokra. a t\u00e1rol\u00f3ed\u00e9nyt szorosan lez\u00e1rva, sz\u00e1raz, h\u0171v\u00f6s helyen t\u00e1rolja. F\u00e9nyt\u0151l v\u00e9dve, 5\u00b0 C \u00e9s 50\u00b0 C k\u00f6z\u00f6tti h\u0151m\u00e9rs\u00e9kleten t\u00e1rolja. A helyes mez\u0151gazdas\u00e1gi gyakorlatt\u00f3l elt\u00e9r\u0151, nem rendeltet\u00e9sszer\u0171 haszn\u00e1lat tilos.A term\u00e9k kiz\u00e1r\u00f3lag professzion\u00e1lis mez\u0151gazdas\u00e1gi felhaszn\u00e1l\u00e1sra alkalmas.<br \/>Kiz\u00e1r\u00f3lag professzion\u00e1lis mez\u0151gazdas\u00e1gi felhaszn\u00e1l\u00e1sra sz\u00e1nt term\u00e9k.<\/p>\t\t\t\t\t\t<\/div>\n\t\t\t\t<\/div>\n\t\t\t\t<\/div>\n\t\t\t\t\t<\/div>\n\t\t\t\t<\/div>\n\t\t\t\t\t<\/div>\n\t\t<\/div>\n\t\t\t\t<\/div>\n\t\t\t\t<\/div>\n\t\t\t\t<div class=\"elementor-element elementor-element-845ac28 elementor-widget-divider--view-line elementor-widget elementor-widget-divider\" data-id=\"845ac28\" data-element_type=\"widget\" data-widget_type=\"divider.default\">\n\t\t\t\t<div class=\"elementor-widget-container\">\n\t\t\t\t\t<div class=\"elementor-divider\">\n\t\t\t<span class=\"elementor-divider-separator\">\n\t\t\t\t\t\t<\/span>\n\t\t<\/div>\n\t\t\t\t<\/div>\n\t\t\t\t<\/div>\n\t\t\t\t<div class=\"elementor-element elementor-element-1cacce23 elementor-widget elementor-widget-heading\" data-id=\"1cacce23\" data-element_type=\"widget\" data-widget_type=\"heading.default\">\n\t\t\t\t<div class=\"elementor-widget-container\">\n\t\t\t<h2 class=\"elementor-heading-title elementor-size-default\">Alkalmaz\u00e1s: minden n\u00f6v\u00e9nyhez\n<\/h2>\t\t<\/div>\n\t\t\t\t<\/div>\n\t\t<div class=\"elementor-element elementor-element-f533de5 e-con-full e-flex e-con e-child\" data-id=\"f533de5\" data-element_type=\"container\">\n\t\t\t\t<div class=\"elementor-element elementor-element-2120bb11 elementor-widget__width-initial elementor-widget elementor-widget-icon-box\" data-id=\"2120bb11\" data-element_type=\"widget\" data-widget_type=\"icon-box.default\">\n\t\t\t\t<div class=\"elementor-widget-container\">\n\t\t\t\t\t<div class=\"elementor-icon-box-wrapper\">\n\n\t\t\t\n\t\t\t\t\t\t<div class=\"elementor-icon-box-content\">\n\n\t\t\t\t\t\t\t\t\t<h4 class=\"elementor-icon-box-title\">\n\t\t\t\t\t\t<span  >\n\t\t\t\t\t\t\tAbomin dust\t\t\t\t\t\t<\/span>\n\t\t\t\t\t<\/h4>\n\t\t\t\t\n\t\t\t\t\t\t\t\t\t<p class=\"elementor-icon-box-description\">\n\t\t\t\t\t\tAbomin alap\u00fa teljes \u00e9rt\u00e9k\u0171 term\u00e9szetes gy\u00f6k\u00e9rt\u00e1p (+ t\u00f6bb mint 80 elem)\t\t\t\t\t<\/p>\n\t\t\t\t\n\t\t\t<\/div>\n\t\t\t\n\t\t<\/div>\n\t\t\t\t<\/div>\n\t\t\t\t<\/div>\n\t\t\t\t<div class=\"elementor-element elementor-element-3911bd43 elementor-widget__width-initial elementor-widget elementor-widget-icon-box\" data-id=\"3911bd43\" data-element_type=\"widget\" data-widget_type=\"icon-box.default\">\n\t\t\t\t<div class=\"elementor-widget-container\">\n\t\t\t\t\t<div class=\"elementor-icon-box-wrapper\">\n\n\t\t\t\n\t\t\t\t\t\t<div class=\"elementor-icon-box-content\">\n\n\t\t\t\t\t\t\t\t\t<h4 class=\"elementor-icon-box-title\">\n\t\t\t\t\t\t<span  >\n\t\t\t\t\t\t\tAbomin pro\t\t\t\t\t\t<\/span>\n\t\t\t\t\t<\/h4>\n\t\t\t\t\n\t\t\t\t\t\t\t\t\t<p class=\"elementor-icon-box-description\">\n\t\t\t\t\t\tTerm\u00e9szetes gy\u00f6k\u00e9rt\u00e1p Abomin (+ 80 elem) \u00e9s hidroliz\u00e1lt h\u00fasliszt alapj\u00e1n\t\t\t\t\t<\/p>\n\t\t\t\t\n\t\t\t<\/div>\n\t\t\t\n\t\t<\/div>\n\t\t\t\t<\/div>\n\t\t\t\t<\/div>\n\t\t\t\t<div class=\"elementor-element elementor-element-17d6b8db elementor-widget__width-initial elementor-widget elementor-widget-icon-box\" data-id=\"17d6b8db\" data-element_type=\"widget\" data-widget_type=\"icon-box.default\">\n\t\t\t\t<div class=\"elementor-widget-container\">\n\t\t\t\t\t<div class=\"elementor-icon-box-wrapper\">\n\n\t\t\t\n\t\t\t\t\t\t<div class=\"elementor-icon-box-content\">\n\n\t\t\t\t\t\t\t\t\t<h4 class=\"elementor-icon-box-title\">\n\t\t\t\t\t\t<span  >\n\t\t\t\t\t\t\tAbomin complex\t\t\t\t\t\t<\/span>\n\t\t\t\t\t<\/h4>\n\t\t\t\t\n\t\t\t\t\t\t\t\t\t<p class=\"elementor-icon-box-description\">\n\t\t\t\t\t\tAbomin (+ 80 elem) \u00e9s humifik\u00e1lt tr\u00e1gya alap\u00fa term\u00e9szetes gy\u00f6k\u00e9rtr\u00e1gya\t\t\t\t\t<\/p>\n\t\t\t\t\n\t\t\t<\/div>\n\t\t\t\n\t\t<\/div>\n\t\t\t\t<\/div>\n\t\t\t\t<\/div>\n\t\t\t\t<div class=\"elementor-element elementor-element-173234ea elementor-widget__width-initial elementor-widget elementor-widget-icon-box\" data-id=\"173234ea\" data-element_type=\"widget\" data-widget_type=\"icon-box.default\">\n\t\t\t\t<div class=\"elementor-widget-container\">\n\t\t\t\t\t<div class=\"elementor-icon-box-wrapper\">\n\n\t\t\t\n\t\t\t\t\t\t<div class=\"elementor-icon-box-content\">\n\n\t\t\t\t\t\t\t\t\t<h4 class=\"elementor-icon-box-title\">\n\t\t\t\t\t\t<span  >\n\t\t\t\t\t\t\tAbomin Evo\t\t\t\t\t\t<\/span>\n\t\t\t\t\t<\/h4>\n\t\t\t\t\n\t\t\t\t\t\t\t\t\t<p class=\"elementor-icon-box-description\">\n\t\t\t\t\t\tAbomin (+ 80 elem) \u00e9s n\u00f6v\u00e9nyi panelek \u00e9s k\u00e1v\u00e9 alap\u00fa term\u00e9szetes gy\u00f6k\u00e9rt\u00e1pl\u00e1l\u00e1s\t\t\t\t\t<\/p>\n\t\t\t\t\n\t\t\t<\/div>\n\t\t\t\n\t\t<\/div>\n\t\t\t\t<\/div>\n\t\t\t\t<\/div>\n\t\t\t\t<\/div>\n\t\t\t\t\t<\/div>\n\t\t\t\t<\/div>\n\t\t<div class=\"elementor-element elementor-element-11c5ee95 e-flex e-con-boxed e-con e-parent\" data-id=\"11c5ee95\" data-element_type=\"container\">\n\t\t\t\t\t<div class=\"e-con-inner\">\n\t\t\t\t<div class=\"elementor-element elementor-element-58f51f8e elementor-grid-3 elementor-product-loop-item--align-left elementor-grid-mobile-1 elementor-widget__width-inherit elementor-grid-tablet-3 elementor-products-grid elementor-wc-products elementor-widget elementor-widget-woocommerce-products\" data-id=\"58f51f8e\" data-element_type=\"widget\" data-widget_type=\"woocommerce-products.default\">\n\t\t\t\t<div class=\"elementor-widget-container\">\n\t\t\t<div class=\"woocommerce columns-3 \"><ul class=\"products elementor-grid columns-3\">\n<li class=\"product type-product post-102 status-publish first instock product_cat-uncategorized has-post-thumbnail shipping-taxable purchasable product-type-simple\">\n\t<a href=\"https:\/\/ecom-webhosting.com\/abomin\/?product=product-title\" class=\"woocommerce-LoopProduct-link woocommerce-loop-product__link\"><img fetchpriority=\"high\" decoding=\"async\" width=\"300\" height=\"300\" src=\"https:\/\/ecom-webhosting.com\/abomin\/wp-content\/uploads\/2024\/10\/Abomin-Superfine-300x300.png\" class=\"attachment-woocommerce_thumbnail size-woocommerce_thumbnail\" alt=\"\" srcset=\"https:\/\/ecom-webhosting.com\/abomin\/wp-content\/uploads\/2024\/10\/Abomin-Superfine-300x300.png 300w, https:\/\/ecom-webhosting.com\/abomin\/wp-content\/uploads\/2024\/10\/Abomin-Superfine-100x100.png 100w, https:\/\/ecom-webhosting.com\/abomin\/wp-content\/uploads\/2024\/10\/Abomin-Superfine-150x150.png 150w\" sizes=\"(max-width: 300px) 100vw, 300px\" \/><h2 class=\"woocommerce-loop-product__title\">Abomin Superfine<\/h2>\n\t<span class=\"price\"><span class=\"woocommerce-Price-amount amount\"><bdi>15 000&nbsp;<span class=\"woocommerce-Price-currencySymbol\">&#70;&#116;<\/span><\/bdi><\/span><\/span>\n<\/a><a href=\"?add-to-cart=102\" aria-describedby=\"woocommerce_loop_add_to_cart_link_describedby_102\" data-quantity=\"1\" class=\"button product_type_simple add_to_cart_button ajax_add_to_cart\" data-product_id=\"102\" data-product_sku=\"abominsuperfine-01-01\" aria-label=\"Add to cart: &ldquo;Abomin Superfine&rdquo;\" rel=\"nofollow\" data-success_message=\"&ldquo;Abomin Superfine&rdquo; has been added to your cart\">Add to cart<\/a>\t<span id=\"woocommerce_loop_add_to_cart_link_describedby_102\" class=\"screen-reader-text\">\n\t\t\t<\/span>\n<\/li>\n<\/ul>\n<\/div>\t\t<\/div>\n\t\t\t\t<\/div>\n\t\t\t\t\t<\/div>\n\t\t\t\t<\/div>\n\t\t\t\t<\/div>\n\t\t","protected":false},"excerpt":{"rendered":"<p>Abomin SUPERFINE Biodinamikus, szerves, nulla marad\u00e9k, hagyom\u00e1nyos Shop Now Alkalmaz\u00e1s Le\u00edr\u00e1s Adagok \u00e9s felhaszn\u00e1l\u00e1si m\u00f3dok Term\u00e9szetv\u00e9delem Haszn\u00e1lati \u00f3vint\u00e9zked\u00e9sek Teljes lombtr\u00e1gy\u00e1z\u00e1s magas m\u00e1sodlagos elemtartalommal (mikroelemek \u00e9s nyomelemek). A n\u00f6v\u00e9nyek sz\u00e1m\u00e1ra hasznos \u00f6sszes elem jelenl\u00e9te lehet\u0151v\u00e9 teszi a kiegyens\u00falyozott \u00e9s teljes felsz\u00edv\u00f3d\u00e1st. Alkalmas minden olyan n\u00f6v\u00e9nykult\u00far\u00e1hoz, amely nagy t\u00e1panyagfelv\u00e9telt ig\u00e9nyel. Enged\u00e9lyezve az \u00f6kol\u00f3giai \u00e9s biodinamikus mez\u0151gazdas\u00e1gban. A [&hellip;]<\/p>\n","protected":false},"author":1,"featured_media":68,"parent":0,"menu_order":0,"comment_status":"closed","ping_status":"closed","template":"elementor_header_footer","meta":{"footnotes":""},"class_list":["post-65","page","type-page","status-publish","has-post-thumbnail","hentry"],"_links":{"self":[{"href":"https:\/\/ecom-webhosting.com\/abomin\/index.php?rest_route=\/wp\/v2\/pages\/65","targetHints":{"allow":["GET"]}}],"collection":[{"href":"https:\/\/ecom-webhosting.com\/abomin\/index.php?rest_route=\/wp\/v2\/pages"}],"about":[{"href":"https:\/\/ecom-webhosting.com\/abomin\/index.php?rest_route=\/wp\/v2\/types\/page"}],"author":[{"embeddable":true,"href":"https:\/\/ecom-webhosting.com\/abomin\/index.php?rest_route=\/wp\/v2\/users\/1"}],"replies":[{"embeddable":true,"href":"https:\/\/ecom-webhosting.com\/abomin\/index.php?rest_route=%2Fwp%2Fv2%2Fcomments&post=65"}],"version-history":[{"count":81,"href":"https:\/\/ecom-webhosting.com\/abomin\/index.php?rest_route=\/wp\/v2\/pages\/65\/revisions"}],"predecessor-version":[{"id":241,"href":"https:\/\/ecom-webhosting.com\/abomin\/index.php?rest_route=\/wp\/v2\/pages\/65\/revisions\/241"}],"wp:featuredmedia":[{"embeddable":true,"href":"https:\/\/ecom-webhosting.com\/abomin\/index.php?rest_route=\/wp\/v2\/media\/68"}],"wp:attachment":[{"href":"https:\/\/ecom-webhosting.com\/abomin\/index.php?rest_route=%2Fwp%2Fv2%2Fmedia&parent=65"}],"curies":[{"name":"wp","href":"https:\/\/api.w.org\/{rel}","templated":true}]}}